{"id":3978,"date":"2021-08-31T15:02:04","date_gmt":"2021-08-31T15:02:04","guid":{"rendered":"https:\/\/glopak.co.za\/snapdeal\/?post_type=product&#038;p=3978"},"modified":"2021-08-31T15:02:14","modified_gmt":"2021-08-31T15:02:14","slug":"ice-cream-production-equipment","status":"publish","type":"product","link":"https:\/\/glopak.co.za\/snapdeal\/product\/ice-cream-production-equipment\/","title":{"rendered":"ICE CREAM PRODUCTION EQUIPMENT"},"content":{"rendered":"<h3>ICE CREAM PRODUCTION EQUIPMENT<\/h3>\n<p><center><br \/>\n<div style=\"width: 350px;\" class=\"wp-video\"><video class=\"wp-video-shortcode\" id=\"video-3978-1\" width=\"350\" height=\"352\" preload=\"metadata\" controls=\"controls\"><source type=\"video\/mp4\" src=\"https:\/\/www.glopak.africa\/wp-content\/uploads\/2021\/08\/Napoli-rotating-ripple.mp4?_=1\" \/><a href=\"https:\/\/www.glopak.africa\/wp-content\/uploads\/2021\/08\/Napoli-rotating-ripple.mp4\">https:\/\/www.glopak.africa\/wp-content\/uploads\/2021\/08\/Napoli-rotating-ripple.mp4<\/a><\/video><\/div><br \/>\n&nbsp;<br \/>\n<div style=\"width: 350px;\" class=\"wp-video\"><video class=\"wp-video-shortcode\" id=\"video-3978-2\" width=\"350\" height=\"640\" preload=\"metadata\" controls=\"controls\"><source type=\"video\/mp4\" src=\"https:\/\/www.glopak.africa\/wp-content\/uploads\/2021\/08\/Napoli-rotating-ripple-1.mp4?_=2\" \/><a href=\"https:\/\/www.glopak.africa\/wp-content\/uploads\/2021\/08\/Napoli-rotating-ripple-1.mp4\">https:\/\/www.glopak.africa\/wp-content\/uploads\/2021\/08\/Napoli-rotating-ripple-1.mp4<\/a><\/video><\/div><br \/>\n&nbsp;<br \/>\n<div style=\"width: 350px;\" class=\"wp-video\"><video class=\"wp-video-shortcode\" id=\"video-3978-3\" width=\"350\" height=\"568\" preload=\"metadata\" controls=\"controls\"><source type=\"video\/mp4\" src=\"https:\/\/www.glopak.africa\/wp-content\/uploads\/2021\/08\/Napoli-rotating.mp4?_=3\" \/><a href=\"https:\/\/www.glopak.africa\/wp-content\/uploads\/2021\/08\/Napoli-rotating.mp4\">https:\/\/www.glopak.africa\/wp-content\/uploads\/2021\/08\/Napoli-rotating.mp4<\/a><\/video><\/div><\/p>\n<p>&nbsp;<\/p>\n<p><\/center>&nbsp;<\/p>\n<p><strong>SCOPE OF OFFER: &#8211; <\/strong><\/p>\n<p>1000L\/H \u2013 Dairy ice-cream production line \/ 500ml, 2 litre and 5 litre tubs.<\/p>\n<h1>Quotation: 1000L\/H Dairy Ice Cream Production Line \u2013 Filling into tubs, 500ml, 2L, 5L<\/h1>\n<p>&nbsp;<\/p>\n<table width=\"698\">\n<tbody>\n<tr>\n<td width=\"265\"><strong>MACHINE DESCRIPTION<\/strong><\/td>\n<td width=\"94\"><strong>MODEL<\/strong><\/td>\n<td width=\"66\"><strong>QTY <\/strong><\/td>\n<td width=\"104\"><strong>UNIT PRICE<\/strong><\/td>\n<td width=\"113\"><strong>PRICE<\/strong><\/td>\n<td width=\"56\"><strong> <\/strong><\/td>\n<\/tr>\n<tr>\n<td colspan=\"6\" width=\"698\"><strong>1)      <\/strong><strong>Water Supply Equipment<\/strong><\/td>\n<\/tr>\n<tr>\n<td width=\"265\">1.1) Electrical control system<\/td>\n<td width=\"94\">\n<h2>380V\/220V<\/h2>\n<\/td>\n<td width=\"66\">1set<\/td>\n<td width=\"104\"><\/td>\n<td width=\"113\"><\/td>\n<td width=\"56\"><\/td>\n<\/tr>\n<tr>\n<td width=\"265\">1.2) Water storage tank<\/td>\n<td width=\"94\">\n<h2>2000L<\/h2>\n<\/td>\n<td width=\"66\">1set<\/td>\n<td width=\"104\"><\/td>\n<td width=\"113\"><\/td>\n<td width=\"56\"><\/td>\n<\/tr>\n<tr>\n<td width=\"265\">1.3) Constant temperature tank<\/td>\n<td width=\"94\">\n<h2>1T\/H<\/h2>\n<\/td>\n<td width=\"66\">1set<\/td>\n<td width=\"104\"><\/td>\n<td width=\"113\"><\/td>\n<td width=\"56\"><\/td>\n<\/tr>\n<tr>\n<td width=\"265\">1.4) Water pump<\/td>\n<td width=\"94\">\n<h2>3T\/24M<\/h2>\n<\/td>\n<td width=\"66\">1set<\/td>\n<td width=\"104\"><\/td>\n<td width=\"113\"><\/td>\n<td width=\"56\"><\/td>\n<\/tr>\n<tr>\n<td colspan=\"4\" width=\"529\"><strong>SUB TOTAL<\/strong><\/td>\n<td colspan=\"2\" width=\"169\"><\/td>\n<\/tr>\n<tr>\n<td colspan=\"6\" width=\"698\"><strong>2)      <\/strong><strong>Milk Receiving Equipment<\/strong><\/td>\n<\/tr>\n<tr>\n<td width=\"265\">2.1) Milk weight tank<\/td>\n<td width=\"94\">\n<h2>500L<\/h2>\n<\/td>\n<td width=\"66\">1set<\/td>\n<td width=\"104\"><\/td>\n<td width=\"113\"><\/td>\n<td width=\"56\"><\/td>\n<\/tr>\n<tr>\n<td width=\"265\">2.2) Electronic scale<\/td>\n<td width=\"94\">\n<h2>1T<\/h2>\n<\/td>\n<td width=\"66\">1set<\/td>\n<td width=\"104\"><\/td>\n<td width=\"113\"><\/td>\n<td width=\"56\"><\/td>\n<\/tr>\n<tr>\n<td width=\"265\">2.3) Duplex filters<\/td>\n<td width=\"94\">\n<h2>100<\/h2>\n<\/td>\n<td width=\"66\">1set<\/td>\n<td width=\"104\"><\/td>\n<td width=\"113\"><\/td>\n<td width=\"56\"><\/td>\n<\/tr>\n<tr>\n<td width=\"265\">2.4) Milk storage tank<\/td>\n<td width=\"94\">\n<h2>3000L<\/h2>\n<\/td>\n<td width=\"66\">2set<\/td>\n<td width=\"104\"><\/td>\n<td width=\"113\"><\/td>\n<td width=\"56\"><\/td>\n<\/tr>\n<tr>\n<td width=\"265\">2.5) Centrifugal pump<\/td>\n<td width=\"94\">\n<h2>3T\/H<\/h2>\n<\/td>\n<td width=\"66\">3set<\/td>\n<td width=\"104\"><\/td>\n<td width=\"113\"><\/td>\n<td width=\"56\"><\/td>\n<\/tr>\n<tr>\n<td width=\"265\">2.6) Self-priming pump<\/td>\n<td width=\"94\">\n<h2>10T\/H<\/h2>\n<\/td>\n<td width=\"66\">1set<\/td>\n<td width=\"104\"><\/td>\n<td width=\"113\"><\/td>\n<td width=\"56\"><\/td>\n<\/tr>\n<tr>\n<td colspan=\"4\" width=\"529\"><strong>SUB TOTAL<\/strong><\/td>\n<td colspan=\"2\" width=\"169\"><strong> <\/strong><\/td>\n<\/tr>\n<tr>\n<td colspan=\"6\" width=\"698\"><strong>3)      <\/strong><strong>Preparation Equipment <\/strong><\/td>\n<\/tr>\n<tr>\n<td width=\"265\">   3.1) High-speed emulsification tank<\/td>\n<td width=\"94\">\n<h2>500L<\/h2>\n<\/td>\n<td width=\"66\">1set<\/td>\n<td width=\"104\"><\/td>\n<td width=\"113\"><\/td>\n<td width=\"56\"><\/td>\n<\/tr>\n<tr>\n<td width=\"265\">3.2) Water-powder mixer<\/td>\n<td width=\"94\">\n<h2>3T\/H<\/h2>\n<\/td>\n<td width=\"66\">1set<\/td>\n<td width=\"104\"><\/td>\n<td width=\"113\"><\/td>\n<td width=\"56\"><\/td>\n<\/tr>\n<tr>\n<td width=\"265\">3.3) Mixing tank<\/td>\n<td width=\"94\">\n<h2>500L<\/h2>\n<\/td>\n<td width=\"66\">2set<\/td>\n<td width=\"104\"><\/td>\n<td width=\"113\"><\/td>\n<td width=\"56\"><\/td>\n<\/tr>\n<tr>\n<td width=\"265\">3.4) Duplex filters<\/td>\n<td width=\"94\">\n<h2>100<\/h2>\n<\/td>\n<td width=\"66\">1set<\/td>\n<td width=\"104\"><\/td>\n<td width=\"113\"><\/td>\n<td width=\"56\"><\/td>\n<\/tr>\n<tr>\n<td width=\"265\">3.5) Plate pasteurizer<\/td>\n<td width=\"94\">\n<h2>1T\/H<\/h2>\n<\/td>\n<td width=\"66\">1set<\/td>\n<td width=\"104\"><\/td>\n<td width=\"113\"><\/td>\n<td width=\"56\"><\/td>\n<\/tr>\n<tr>\n<td width=\"265\">3.6) High pressure homogenizer<\/td>\n<td width=\"94\">\n<h2>1T\/25MPa<\/h2>\n<\/td>\n<td width=\"66\">1set<\/td>\n<td width=\"104\"><\/td>\n<td width=\"113\"><\/td>\n<td width=\"56\"><\/td>\n<\/tr>\n<tr>\n<td width=\"265\">3.7) Aging tank<\/td>\n<td width=\"94\">\n<h2>1000L<\/h2>\n<\/td>\n<td width=\"66\">2set<\/td>\n<td width=\"104\"><\/td>\n<td width=\"113\"><\/td>\n<td width=\"56\"><\/td>\n<\/tr>\n<tr>\n<td width=\"265\">3.8) Centrifugal pump<\/td>\n<td width=\"94\">\n<h2>3T\/24M<\/h2>\n<\/td>\n<td width=\"66\">2set<\/td>\n<td width=\"104\"><\/td>\n<td width=\"113\"><\/td>\n<td width=\"56\"><\/td>\n<\/tr>\n<tr>\n<td width=\"265\">3.9) CIP return pump<\/td>\n<td width=\"94\">\n<h2>10T\/24M<\/h2>\n<\/td>\n<td width=\"66\">2set<\/td>\n<td width=\"104\"><\/td>\n<td width=\"113\"><\/td>\n<td width=\"56\"><\/td>\n<\/tr>\n<tr>\n<td width=\"265\">3.10) Freezing Machine<\/td>\n<td width=\"94\">\n<h2>300Type<\/h2>\n<\/td>\n<td width=\"66\">2set<\/td>\n<td width=\"104\"><\/td>\n<td width=\"113\"><\/td>\n<td width=\"56\"><\/td>\n<\/tr>\n<tr>\n<td width=\"265\">3.11) Rotor pump<\/td>\n<td width=\"94\">\n<h2>1000L\/H<\/h2>\n<\/td>\n<td width=\"66\">2set<\/td>\n<td width=\"104\"><\/td>\n<td width=\"113\"><\/td>\n<td width=\"56\"><\/td>\n<\/tr>\n<tr>\n<td colspan=\"4\" width=\"529\"><strong>                                            SUB TOTAL<\/strong><\/td>\n<td colspan=\"2\" width=\"169\"><\/td>\n<\/tr>\n<tr>\n<td colspan=\"6\" width=\"698\"><strong>4)      <\/strong><strong>Filling Machine<\/strong><\/td>\n<\/tr>\n<tr>\n<td width=\"265\">4) Filling machine<\/td>\n<td width=\"94\">\n<h2><strong> <\/strong><\/h2>\n<\/td>\n<td width=\"66\">1set<\/td>\n<td width=\"104\"><\/td>\n<td width=\"113\"><\/td>\n<td width=\"56\"><\/td>\n<\/tr>\n<tr>\n<td colspan=\"4\" width=\"529\"><strong>                                            SUB TOTAL<\/strong><\/td>\n<td colspan=\"2\" width=\"169\"><strong> <\/strong><\/td>\n<\/tr>\n<tr>\n<td colspan=\"4\" width=\"529\">Installation, commissioning and training (excluding pipe work)<\/td>\n<td colspan=\"2\" width=\"169\"><\/td>\n<\/tr>\n<tr>\n<td colspan=\"6\" width=\"698\"><strong>TOTAL:           <\/strong><\/td>\n<\/tr>\n<\/tbody>\n<\/table>\n<p>&nbsp;<\/p>\n<h3><strong><u>WATER SUPPLY EQUIPMENT <\/u><\/strong><\/h3>\n<h2>1.1 Constant pressure system<\/h2>\n<p><img loading=\"lazy\" decoding=\"async\" class=\"size-full wp-image-5895 alignleft\" src=\"https:\/\/www.glopak.africa\/wp-content\/uploads\/2021\/08\/Constant-pressure-system.jpg\" alt=\"\" width=\"198\" height=\"318\" \/>For high efficiency and energy saving \/ Water supply pressure stable<\/p>\n<p>According to the demand of water pressure, adjust the speed of the pump and motor pump flow and variable flow numbers, variable pressure or change in the flow of constant pressure water supply. High efficiency and energy saving equipment running in the best condition, to achieve a high energy-saving.<\/p>\n<p>Closed loop control system, can adjust the set pressure and system pressure feedback.<\/p>\n<p>SUS304 material, ABB motor power: 4Kw, stainless steel casings, head of the 24 m<\/p>\n<p>&nbsp;<\/p>\n<p>&nbsp;<\/p>\n<h2>1.2    Water Storage Tank (can be plastic HPDE)<\/h2>\n<p><strong><img loading=\"lazy\" decoding=\"async\" class=\"size-full wp-image-5911 alignleft\" src=\"https:\/\/www.glopak.africa\/wp-content\/uploads\/2021\/08\/Water-Storage-Tank.jpg\" alt=\"\" width=\"185\" height=\"299\" \/>Structure<\/strong><\/p>\n<ul>\n<li>Single layer structure<\/li>\n<li>Material of tank is stainless steel<\/li>\n<li>Normal volume\uff1a2000L\uff0cdiameter\uff1a1340mm\uff0cheight\uff1a2760mm<\/li>\n<\/ul>\n<p><strong>Description<\/strong><\/p>\n<ul>\n<li>Quick open manhole<\/li>\n<li>Numeral indication type thermometer<\/li>\n<li>T type cleaning head<\/li>\n<li>Hauling lever style releasing valve<\/li>\n<li>Adjustable taper branch feet.<\/li>\n<li>Digital thermometer manhole, T cleaning head, the material valve lever type, adjustable tapered foot in and out, move the caliber of: 51 mm<\/li>\n<\/ul>\n<h2>1.3    Constant temperature water cooling tank<\/h2>\n<p><strong><img loading=\"lazy\" decoding=\"async\" class=\"size-full wp-image-5908 alignleft\" src=\"https:\/\/www.glopak.africa\/wp-content\/uploads\/2021\/08\/water-cooling-tank.jpg\" alt=\"\" width=\"176\" height=\"342\" \/>Description<\/strong><\/p>\n<ul>\n<li>Quick open manhole.<\/li>\n<li>Insect flies\u2019 sanitary ventilation hood.<\/li>\n<li>Adjustable triangular legs.<\/li>\n<li>Removable feed management suite.<\/li>\n<li>Digital thermometer<\/li>\n<li>Paddle<\/li>\n<li>Gauge [glass].<\/li>\n<\/ul>\n<p><strong>Structure<\/strong><\/p>\n<ul>\n<li>Double layer SS structure<\/li>\n<li>Material of tank 304 stainless steel<\/li>\n<li>Normal volume\uff1a1000L\uff0c<\/li>\n<\/ul>\n<h2>1.4    Water Pump<\/h2>\n<p><img loading=\"lazy\" decoding=\"async\" class=\"size-full wp-image-5910 alignleft\" src=\"https:\/\/www.glopak.africa\/wp-content\/uploads\/2021\/08\/Water-Pump.jpg\" alt=\"\" width=\"202\" height=\"155\" \/>SUS304 material,<br \/>\nABB motor power: 1.1 Kw,<br \/>\nStainless steel casings,<br \/>\nFlow3T\/H<br \/>\nHead of the 24 m<\/p>\n<p>&nbsp;<\/p>\n<h3><strong><u>MILK RECEIVING EQUIPMENT <\/u><\/strong><\/h3>\n<h2>2.1   Milk weight tank \u2013 500L<\/h2>\n<p><strong>Description<\/strong>:<\/p>\n<p><img loading=\"lazy\" decoding=\"async\" class=\"size-full wp-image-5904 alignright\" src=\"https:\/\/www.glopak.africa\/wp-content\/uploads\/2021\/08\/Milk-weight-tank-\u2013-500L.jpg\" alt=\"\" width=\"216\" height=\"176\" \/>All this equipment is made of SUS304 plate, polished inner surface and outer scaly pattern throw horizontal rectangular groove, above the two open lid with stainless steel wire mesh and filtration equipment is made, the other one into the discharge port can be connected with the pipeline, intermittent use, a gate valve with a plug-in milk for the switch, after weighing just rotate the handle 90 degrees, you can discharge, effort, good sealing performance, no leakage of material.<\/p>\n<p><strong>Technical parameter<\/strong>:<\/p>\n<ol>\n<li>Equipment is used for milk receiving temporary and weighing<\/li>\n<li>Material for health level SUS304 material<\/li>\n<li>Equipment external dimensions: L \u00d7 W \u00d7 H = 1 200\u00d7600\u00d7800mm<\/li>\n<\/ol>\n<h2>2.2   Electronic scale<\/h2>\n<p><strong><img loading=\"lazy\" decoding=\"async\" class=\"size-full wp-image-5898 alignleft\" src=\"https:\/\/www.glopak.africa\/wp-content\/uploads\/2021\/08\/Electronic-scale.jpg\" alt=\"\" width=\"185\" height=\"180\" \/>Technical parameter<\/strong>:<\/p>\n<p>Maximum weighing: 1000Kg<br \/>\nMinimum scale: 50g \/ 500g<br \/>\nSpecifications Size: 1000 * 1000mm<\/p>\n<p>SUS304<\/p>\n<p>&nbsp;<\/p>\n<h2>2.3   Duplex filters<\/h2>\n<p><img loading=\"lazy\" decoding=\"async\" class=\"size-full wp-image-5896 alignnone\" src=\"https:\/\/www.glopak.africa\/wp-content\/uploads\/2021\/08\/Duplex-filter.jpg\" alt=\"\" width=\"146\" height=\"145\" \/><\/p>\n<p>SUS304 material, smooth wall, no dead ends. Optional alternate use.<br \/>\nSUS304 material, 120 mesh.<\/p>\n<h2>2.4   Milk Storage tank 3000L<\/h2>\n<p><strong><img loading=\"lazy\" decoding=\"async\" class=\"size-full wp-image-5903 alignleft\" src=\"https:\/\/www.glopak.africa\/wp-content\/uploads\/2021\/08\/Milk-Storage-tank-3000L.jpg\" alt=\"\" width=\"157\" height=\"305\" \/>Description<\/strong><\/p>\n<ul>\n<li>Quick open manhole.<\/li>\n<li>The spherical CIP<\/li>\n<li>Insect sanitary ventilation hood.<\/li>\n<li>Adjustable triangular legs.<\/li>\n<li>Removable feed management suite.<\/li>\n<li>Digital thermometer.<\/li>\n<li>configured according to customer requirements [ladder].<\/li>\n<li>paddle<\/li>\n<li>gauge [glass].<\/li>\n<li>The anti-vortex plate.<\/li>\n<li>Miller board jacket, through the ice for cooling, hot water heating.<\/li>\n<\/ul>\n<p><strong>Technical parameter<\/strong><\/p>\n<ul>\n<li>1, SUS304 material, the outer diameter of the tank \u03c61640mm, can height 3050mm,<\/li>\n<li>2, Polyurethane insulation, \u03c6400 manhole, \u03c676 dust respirators, \u03c651 material inlet and outlet,<\/li>\n<li>3, The heat transfer area:8 \u33a1,<\/li>\n<li>4, Temperature display instrumentation, level indicator, stirring speed 43rpm.<\/li>\n<li>5, Volume: 3000L.<\/li>\n<\/ul>\n<h2>2.5   Centrifugal pump<\/h2>\n<p><img loading=\"lazy\" decoding=\"async\" class=\"size-full wp-image-5892 alignnone\" src=\"https:\/\/www.glopak.africa\/wp-content\/uploads\/2021\/08\/Centrifugal-pump2.jpg\" alt=\"\" width=\"206\" height=\"137\" \/><\/p>\n<ul>\n<li>Production capacity: 3T\/H<\/li>\n<li>Motor total power:1.1KW<\/li>\n<li>SUS304 material<\/li>\n<\/ul>\n<h2>2.6   Self priming pump<\/h2>\n<p><img loading=\"lazy\" decoding=\"async\" class=\"size-full wp-image-5907 alignnone\" src=\"https:\/\/www.glopak.africa\/wp-content\/uploads\/2021\/08\/Self-priming-pump.jpg\" alt=\"\" width=\"146\" height=\"133\" \/><\/p>\n<ul>\n<li>Production capacity:10T\/24M<\/li>\n<li>Motor total power:3KW<\/li>\n<\/ul>\n<h2>3.1   High-speed emulsification tank<\/h2>\n<p><strong><img loading=\"lazy\" decoding=\"async\" class=\"size-full wp-image-5902 alignleft\" src=\"https:\/\/www.glopak.africa\/wp-content\/uploads\/2021\/08\/High-speed-emulsification-tank.jpg\" alt=\"\" width=\"119\" height=\"199\" \/>Description<\/strong><\/p>\n<ul>\n<li>Effective volume: 500L<\/li>\n<li>Size:(l*w*h): 900*900*750mm<\/li>\n<li>Hight: 1800mm<\/li>\n<li>Insulation thickness: 50mm<\/li>\n<li>Engine power: 4kw<\/li>\n<li>Shearing speed: 1460R\/min<\/li>\n<\/ul>\n<h2>3.2   Water powder mixer<\/h2>\n<p><strong><img loading=\"lazy\" decoding=\"async\" class=\"size-full wp-image-5909 alignright\" src=\"https:\/\/www.glopak.africa\/wp-content\/uploads\/2021\/08\/Water-powder-mixer.jpg\" alt=\"\" width=\"196\" height=\"190\" \/>Description<\/strong><\/p>\n<ul>\n<li>Production capacity: 3T\/H 2\u3001Motor total power: 3KW<\/li>\n<li>Material for health level SUS304 material<\/li>\n<li>Equipment external dimensions: L \u00d7 W \u00d7 H = 1200 x 800 x 900.<\/li>\n<\/ul>\n<h2>3.3   Mixing tank \u2013 500L<\/h2>\n<p><img loading=\"lazy\" decoding=\"async\" class=\"size-full wp-image-5905 alignnone\" src=\"https:\/\/www.glopak.africa\/wp-content\/uploads\/2021\/08\/Mixing-tank-\u2013-500L.jpg\" alt=\"\" width=\"209\" height=\"189\" \/><\/p>\n<ul>\n<li>SUS304 material, the outside diameter 900 mm, tank high 1600 mm<\/li>\n<li>Pu heat preservation, \u03c6300 manhole, \u03c676 dust respirator, \u03c6 32 feeding and discharge<\/li>\n<li>Temperature display instrument, liquid level display, stirring speed 35 rpm<\/li>\n<li>Tank capacity:500 L<\/li>\n<\/ul>\n<h2>3.4   Duplex filter<\/h2>\n<p><img loading=\"lazy\" decoding=\"async\" class=\"size-full wp-image-5897 alignnone\" src=\"https:\/\/www.glopak.africa\/wp-content\/uploads\/2021\/08\/Duplex-filters.jpg\" alt=\"\" width=\"181\" height=\"179\" \/><\/p>\n<p>SUS304 material, smooth wall, no dead ends. Optional alternate use.<br \/>\nSUS304 material, 120 mesh.<\/p>\n<h2>3.5   Plate pasteuriz<\/h2>\n<p><img loading=\"lazy\" decoding=\"async\" class=\"size-full wp-image-5906 alignnone\" src=\"https:\/\/www.glopak.africa\/wp-content\/uploads\/2021\/08\/Plate-pasteurizer.jpg\" alt=\"\" width=\"282\" height=\"284\" \/><\/p>\n<p><strong>Description<\/strong>: 5\u2103\u219265\u2103(homogenization) \u219285~95\u2103(15S) \u21925\u2103<\/p>\n<p>This unit can be connected with separator, homogenizer, flash evaporator &amp; degasser ect. this unit is used as Pasteurizer (widely used in fresh milk, milk beverage, juice, tea, alcohol, ice cream ect.) , and also pre-sterilize material  when producing Pasteurized milk(long life milk).<\/p>\n<p>This machine has features of high heat recovery, lower energy cost, strict design on the construction and easy operation, simple maintenance.<\/p>\n<p><strong>Technical Parameter<\/strong><\/p>\n<ul>\n<li>Production capacity \uff1a1000L\/H<\/li>\n<li>Heat exchanging area \uff1a8 \u33a1<\/li>\n<li>Material inlet temperature \uff1a5-45\u2103\uff0c Material outlet temperature 5-50\u2103<\/li>\n<li>Sterilizing temperature \uff1a85-95\u2103\uff0c heat holding time\uff1a4-25 s<\/li>\n<li>Ice water consumption \uff1a5t\/h<\/li>\n<li>Weight \uff1a880kg<\/li>\n<li>Size\uff1a1500*1500*1800mm<\/li>\n<\/ul>\n<h2>3.6   High pressure homogenizer<\/h2>\n<p><img loading=\"lazy\" decoding=\"async\" class=\"size-full wp-image-5901 alignnone\" src=\"https:\/\/www.glopak.africa\/wp-content\/uploads\/2021\/08\/High-pressure-homogenizer.png\" alt=\"\" width=\"250\" height=\"253\" \/><\/p>\n<p><strong>Description<\/strong><\/p>\n<p>Liquid homogenization, high pressure liquid transportation.<\/p>\n<p><strong>Technical parameter<\/strong>:<\/p>\n<p>1\u00b7production capacity \uff1a1000 l\/h, Piston root number\uff1a3<br \/>\n2\u00b7pressure \uff1a25mpa\uff0cWork continuously\uff1a0-20mpa<br \/>\n3\u00b7motor power \uff1a37kw<br \/>\n4\u00b7dimensionL*W*H \uff1a160*120*120cm 5\u00b7weigh \uff1a2100kg<\/p>\n<h2>3.7   Aging tank<\/h2>\n<p><img loading=\"lazy\" decoding=\"async\" class=\"size-full wp-image-5890 alignnone\" src=\"https:\/\/www.glopak.africa\/wp-content\/uploads\/2021\/08\/Aging-tank.jpg\" alt=\"\" width=\"104\" height=\"189\" \/><\/p>\n<ul>\n<li>Material 304 stainless steel, thickness: 3mm<\/li>\n<li>Nominal volume: 1000L, diameter: \u00d81150mm, insulation thickness: 50mm, total height: 2530mm, motor power: 1.1KW.<\/li>\n<li>Stirring speed: Optional speed: 35<\/li>\n<li>Manholes, digital thermometer, T-type cleaning head, rod outlet valve, adjustable cone feet, Export diameter: \u00d838mm<\/li>\n<\/ul>\n<h2>3.8   Centrifugal pump<\/h2>\n<p><strong><img loading=\"lazy\" decoding=\"async\" class=\"size-full wp-image-5891 alignleft\" src=\"https:\/\/www.glopak.africa\/wp-content\/uploads\/2021\/08\/Centrifugal-pump.jpg\" alt=\"\" width=\"157\" height=\"105\" \/>Description<\/strong><\/p>\n<ul>\n<li>Production capacity: 3T\/H<\/li>\n<li>Motor total power:1.1KW<\/li>\n<li>SUS304 material<\/li>\n<\/ul>\n<h2>3.9   CIP return pump<\/h2>\n<p><strong><img loading=\"lazy\" decoding=\"async\" class=\"size-full wp-image-5894 alignleft\" src=\"https:\/\/www.glopak.africa\/wp-content\/uploads\/2021\/08\/CIP-return-pump2.jpg\" alt=\"\" width=\"146\" height=\"133\" \/>Description<\/strong><br \/>\n316SS<br \/>\nABB motor, power: 3 Kw.<br \/>\nStainless steel casings.<br \/>\nFlow 10T\/H<br \/>\nHead of 36 m<\/p>\n<h2>3.10   Freezing machine<img loading=\"lazy\" decoding=\"async\" class=\" wp-image-5912 alignright\" src=\"https:\/\/www.glopak.africa\/wp-content\/uploads\/2021\/08\/freezing-machine.jpg\" alt=\"\" width=\"280\" height=\"391\" \/><\/h2>\n<ul>\n<li>IN300L continuous freezing machine:<\/li>\n<li>Features:<\/li>\n<li>Continuous confession 502 with compressor<\/li>\n<li>Production capacity (liter or kg \/ h): \u2264 300 liters \/ hour<\/li>\n<li>Feed temperature \u2103: \u2264 4<\/li>\n<li>Discharge temperature \u2103: -4 Expansion%:<\/li>\n<li>100 Refrigerant: F502 or 22<\/li>\n<li>Cooling consumption: 7500 kcal Motor Power KW: 11.25<\/li>\n<li>Dimensions (L \u00d7 H \u00d7 W) mm: 125 \u00d7 155 \u00d7 80<\/li>\n<li>Total weight Kg: 700<\/li>\n<\/ul>\n<p>&nbsp;<\/p>\n<h2>3.11   CIP return pump<\/h2>\n<p><img loading=\"lazy\" decoding=\"async\" class=\"size-full wp-image-5893 alignnone\" src=\"https:\/\/www.glopak.africa\/wp-content\/uploads\/2021\/08\/CIP-return-pump.jpg\" alt=\"\" width=\"219\" height=\"151\" \/><\/p>\n<p>Also known as colloidal pump rotor pump, clover pump shoes. Relying on two counter-rotating rotor synchronous (2-4 teeth) during rotation generated at the inlet suction (vacuum), thus conveying the material to be inhaled. Two rotors the rotor chamber separated into several small space, according to a \u2192 b \u2192 c \u2192 d order of operation. Operation to position a, only \u2160 room full of media; to position b, B room closed off part of the media; to position C, A Room also closed the media; to position d, A Room with \u2161 similarities, media incurs transported to the discharge. So the cycle, medium (material) is continuously transported out.<\/p>\n<p><strong>Specifications<\/strong><\/p>\n<p>Flow: 600-1320L \/ H<br \/>\nMotor power: 0.55kw<\/p>\n<p>Inlet and outlet diameter: \u00d825mm<\/p>\n<h2>4.   Filling machine<\/h2>\n<p><strong><img loading=\"lazy\" decoding=\"async\" class=\"size-full wp-image-5900 alignleft\" src=\"https:\/\/www.glopak.africa\/wp-content\/uploads\/2021\/08\/filling-machine.png\" alt=\"\" width=\"228\" height=\"414\" \/>SPECIFICATIONS<\/strong><\/p>\n<p>\u00b7       VOLTAGE\uff1a220V \/1PH\/ 50HZ<br \/>\n\u00b7       POWER\uff1a200W<br \/>\n\u00b7       AIR PRESSURE\uff1a \u2265 0.5Mpa<br \/>\n\u00b7       AIR CONSUMPTION\uff1a0.2 m3 \/ min<br \/>\n\u00b7       FILLING SPEED\uff1a20 TIINES \/min<br \/>\n\u00b7       NET WEIGHT\uff1a 165 KG<br \/>\n\u00b7       OVERALL SIZE\uff1a 1020*820*1780 mm<br \/>\n\u00b7       FILLING HEAD: 3 PCS<\/p>\n<p>&nbsp;<\/p>\n<p>&nbsp;<\/p>\n<p>&nbsp;<\/p>\n<p>&nbsp;<\/p>\n<p><img loading=\"lazy\" decoding=\"async\" class=\"size-full wp-image-5899 alignnone\" src=\"https:\/\/www.glopak.africa\/wp-content\/uploads\/2021\/08\/filling-machine-1.png\" alt=\"\" width=\"663\" height=\"352\" \/><\/p>\n<p>INJT multi-functional ice cream filling machine fill ice cream in cup.<br \/>\nThe filling head can be customized according to client&#8217;s requirements.<\/p>\n","protected":false},"excerpt":{"rendered":"<p>ICE CREAM PRODUCTION EQUIPMENT &nbsp; &nbsp; &nbsp; &nbsp; SCOPE OF OFFER: &#8211; 1000L\/H \u2013 Dairy ice-cream production line \/ 500ml, 2 litre and 5 litre tubs. Quotation: 1000L\/H Dairy Ice Cream Production Line \u2013 Filling into tubs, 500ml, 2L, 5L &nbsp; MACHINE DESCRIPTION MODEL QTY UNIT PRICE PRICE 1) Water Supply Equipment 1.1) Electrical control [&hellip;]<\/p>\n","protected":false},"featured_media":3979,"template":"","meta":[],"product_brand":[],"product_cat":[387,399],"product_tag":[604,605,602,603],"class_list":{"0":"post-3978","1":"product","2":"type-product","3":"status-publish","4":"has-post-thumbnail","6":"product_cat-filling-lines","7":"product_cat-filling-machines","8":"product_tag-dairy-ice-cream-equipment","9":"product_tag-ice-cream-filling-machine","10":"product_tag-ice-cream-processing-machines","11":"product_tag-ice-cream-processing-machine","13":"first","14":"instock","15":"shipping-taxable","16":"product-type-simple"},"_links":{"self":[{"href":"https:\/\/glopak.co.za\/snapdeal\/wp-json\/wp\/v2\/product\/3978","targetHints":{"allow":["GET"]}}],"collection":[{"href":"https:\/\/glopak.co.za\/snapdeal\/wp-json\/wp\/v2\/product"}],"about":[{"href":"https:\/\/glopak.co.za\/snapdeal\/wp-json\/wp\/v2\/types\/product"}],"wp:featuredmedia":[{"embeddable":true,"href":"https:\/\/glopak.co.za\/snapdeal\/wp-json\/wp\/v2\/media\/3979"}],"wp:attachment":[{"href":"https:\/\/glopak.co.za\/snapdeal\/wp-json\/wp\/v2\/media?parent=3978"}],"wp:term":[{"taxonomy":"product_brand","embeddable":true,"href":"https:\/\/glopak.co.za\/snapdeal\/wp-json\/wp\/v2\/product_brand?post=3978"},{"taxonomy":"product_cat","embeddable":true,"href":"https:\/\/glopak.co.za\/snapdeal\/wp-json\/wp\/v2\/product_cat?post=3978"},{"taxonomy":"product_tag","embeddable":true,"href":"https:\/\/glopak.co.za\/snapdeal\/wp-json\/wp\/v2\/product_tag?post=3978"}],"curies":[{"name":"wp","href":"https:\/\/api.w.org\/{rel}","templated":true}]}}